 the greatest common factor of r and 10.
10
Let q(m) = -m + 4. Let g be q(-6). Let y = -43 - -16. Let n = 3 - y. Calculate the highest common divisor of n and g.
10
Suppose 3*f + 1 = -26. Let t = 13 + f. Suppose 0*b + b - 16 = 0. Calculate the greatest common factor of b and t.
4
Suppose 0 = -z - 11 + 8. Let l = z - -8. Calculate the highest common factor of l and 5.
5
Let s be (0/2 - 1)/(-1). Let z be -45*((-8)/10)/s. Calculate the highest common divisor of z and 9.
9
Suppose -49 = -2*b + 5*j, 0 = 6*b - 7*b + j + 17. Suppose 0*y + 15 = 5*y - 5*n, 15 = 5*y + 4*n. What is the greatest common divisor of y and b?
3
Let r(l) = l**2 + 18*l + 37. Let j be r(-16). What is the greatest common divisor of j and 1?
1
Let u(a) = -a**2 - 8*a - 7. Suppose n - 6 = -12. Let o be u(n). Let h be (5/(-2))/((-1)/16). What is the greatest common divisor of o and h?
5
Suppose -2*r + 186 = r. What is the highest common divisor of r and 93?
31
Let x be (-4)/30 + (-2219)/(-105). Calculate the greatest common divisor of x and 105.
21
Let a be (-12)/(-2*(-9)/(-204)). Let h = -73 + a. Calculate the greatest common factor of h and 7.
7
Let w(l) = -l**3 - l**2 + l + 3. Let d be w(0). Let f(q) = -2*q**d + q**3 - 4 + 5. Let t be f(-3). Calculate the greatest common factor of t and 42.
14
Suppose 50 = s - 3*s. Let b = s + 41. Suppose 0 = 4*x - 4*v, -3*v = 5*x + 2*v - 40. Calculate the greatest common divisor of b and x.
4
Suppose y - 387 = 4*y. Let o = 204 + y. What is the greatest common divisor of o and 30?
15
Let k = -11 - -28. Calculate the highest common factor of 119 and k.
17
Let z be -1*3*2/(-3). Suppose -2 = u + 4*m - 1, -4*u = 4*m - 8. Let x be (-10)/(-6) - u/(-9). What is the greatest common factor of x and z?
2
Let c be (-1)/2 + 14/4. Let y be c - (-4)/(-2)*-1. Suppose -y*w - 4*r = -95, -25 = -w - r - r. What is the greatest common factor of w and 30?
15
Let i = 81 + -37. What is the greatest common divisor of 4 and i?
4
Let h = 28 - -37. Suppose -2*k + 6 = 4*x, 3*k - 5 - 4 = 0. Suppose x = 4*z + z - h. What is the greatest common factor of 13 and z?
13
Let g be (3 + 1)/(-13 + 15). Calculate the greatest common factor of 5 and g.
1
Suppose 0*o + 23 = 2*n - o, o = -5*n + 61. Let b = 26 - 22. Suppose -10 = -b*y + 14. Calculate the highest common factor of n and y.
6
Let f = -11 + 19. Let y = 64 - 44. What is the highest common factor of f and y?
4
Let o(d) = d**2 + 2*d + 3. Let c be o(-4). Let p = 242 - 165. Calculate the highest common factor of p and c.
11
Let k(f) = -f**2 - 10*f + 9. Suppose -5*o - 19 = q, q - 2*o - 1 = 3*o. Let y be k(q). Calculate the highest common divisor of y and 45.
9
Let d(t) = -3*t - 1. Let y be d(-1). Let s = 3 - y. Let h(c) = -c**2 + 6*c + 1. Let n be h(6). Calculate the greatest common divisor of n and s.
1
Let u be 54/2*(-4)/(-12). Calculate the highest common divisor of 90 and u.
9
Let j be (-7 - (-8 + 4))/(-1). Suppose 2*o - s = 4, j + 5 = -2*o + 4*s. Calculate the highest common divisor of 44 and o.
4
Let i(v) = -v + 27. Let k be i(14). Calculate the highest common divisor of 91 and k.
13
Suppose -80 = -3*d - 32. Let r = -169 - -399. Suppose 2*m - r = -2*k + 20, 4*m = -3*k + 503. What is the greatest common divisor of m and d?
16
Let t = -8 - -10. What is the highest common factor of t and 14?
2
Let d be 2/8 + (-414)/(-8). Suppose 41 = 5*s - 24. Calculate the greatest common divisor of d and s.
13
Let c = 3 - 3. Suppose -3*w = -4*f + 22, c*f + 3*w + 1 = f. Calculate the greatest common factor of 28 and f.
7
Let l(x) = -x**2 - 5*x - 2. Let n be l(-3). Suppose k - 94 = -4*y, -3*y + 3*k + 67 - n = 0. What is the greatest common factor of 23 and y?
23
Suppose -4*i = -5*c + 60, -5*c + 18 = -2. Let d be (24/10)/((-4)/i). Calculate the highest common factor of d and 2.
2
Suppose -4*l = -2*l - 2*f - 246, -4*l + 5*f + 495 = 0. What is the highest common factor of 15 and l?
15
Let u = 6 + 46. What is the greatest common factor of 26 and u?
26
Let i be ((-2)/(-6))/(1/(-669)). Let p = i - -380. Suppose 4*u + x = p, 3*u + u - 163 = x. What is the greatest common factor of 5 and u?
5
Let f = -19 - -55. Let d = -21 - -45. What is the greatest common divisor of f and d?
12
Suppose l = 2 - 0. Suppose 5*p - 91 = 3*x + 115, 2*x = -4. Suppose 7*u = 2*u + p. What is the greatest common factor of u and l?
2
Let g be (0 - (-3)/(-3)) + -2 - -19. Calculate the highest common divisor of g and 24.
8
Suppose -5 = -4*x + 3. Suppose 3*l + 24 = -w, 5*l - x*w + 43 + 8 = 0. Let b be 3*(-6)/l*11. Calculate the greatest common divisor of b and 11.
11
Let f(q) = q**2 + 13*q + 31. Let n be f(-12). Calculate the greatest common divisor of n and 209.
19
Suppose 0*a - 3 = -a. Suppose -2*q - 228 = -3*x + a*q, -3*x + 228 = 5*q. Calculate the greatest common divisor of x and 19.
19
Suppose 3*a = -k - 17, k + k + 5*a = -38. Let p = -27 - k. Calculate the greatest common divisor of 14 and p.
2
Suppose 252 = -0*a + 4*a. What is the greatest common factor of a and 7?
7
Let x = 21 + -6. What is the greatest common divisor of x and 6?
3
Let o be -5*(-1)/(-2)*12. Let k = 90 + o. Calculate the greatest common divisor of 15 and k.
15
Let x(k) = -k**3 + k**2 + k + 7. Let w be x(0). Let c be 11 + 3 + (1 - 0). Let a = c + 41. What is the highest common divisor of a and w?
7
Let a = -51 - -71. Calculate the highest common divisor of 4 and a.
4
Let i(k) = -2*k + 8. Let d be i(-6). Suppose -2*t - 2*t - 508 = 0. Let f = -27 - t. Calculate the greatest common factor of d and f.
20
Suppose 4*g + 142 = -290. Suppose -h - 2*j = 2*j + 74, -5*j = 25. Let m = h - g. What is the greatest common factor of m and 18?
18
Let c(k) = k**3 + 7*k**2 - 3*k + 9. Let o be c(-7). What is the greatest common factor of 75 and o?
15
Suppose 6*h + 4*f + 6 = 3*h, -4*h - f + 5 = 0. Let p be (12/h)/3 + 124. Calculate the greatest common factor of p and 14.
14
Suppose -z = -4*z + 27. Let c(b) = -4*b - z + b + 0*b. Let j be c(-7). What is the highest common factor of 84 and j?
12
Let t be (5/(25/4))/((-2)/(-60)). Suppose j - b - 38 - 4 = 0, -5*j = -3*b - 200. Suppose w - j + 1 = 0. Calculate the highest common factor of t and w.
12
Let s = 83 - -16. Calculate the greatest common factor of s and 9.
9
Suppose -314 = -5*x - 4*m, 0 = -x - 3*x + 3*m + 276. Calculate the highest common divisor of x and 6.
6
Suppose 3*k - 70 = -3*x + 8, 4*x + 46 = k. What is the greatest common divisor of k and 40?
10
Let k = -28 - -33. Let s = 1 - -3. Let p(b) = -b**2 + 5*b + 1. Let l be p(s). Calculate the greatest common factor of k and l.
5
Suppose 18 = o + 2*o. Let x = o - 1. Calculate the highest common factor of 40 and x.
5
Let d = -53 + 86. Let p = 13 - 14. Let v be 11 + (0/(-3))/p. Calculate the greatest common divisor of d and v.
11
Suppose 5*j - 25 = -5*f, -j + 5*f + 0*f - 1 = 0. Let w be (-2)/j - 38/(-4). Let m(o) = o**2 + 2. Let h be m(-5). What is the highest common divisor of h and w?
9
Let j = -30 - -34. What is the highest common factor of j and 10?
2
Let x(j) = -7*j + 65. Let i be x(9). Calculate the highest common factor of i and 16.
2
Let p = 40 - 24. Let h be (-162)/(-2)*(-2 - -1). Let t = h + 257. Calculate the greatest common divisor of t and p.
16
Suppose -12 = -4*v - 0*v. Suppose 8*t - v*t - 15 = 0. Let o be 2/(-1 + 3)*2. What is the highest common factor of t and o?
1
Let r = 83 + -55. What is the highest common divisor of 126 and r?
14
Suppose 0 = t + v - 14, 4*t = -t + 3*v + 102. Let a = -6 - -12. Suppose -5*u + 6*u - a = 0. What is the greatest common factor of u and t?
6
Suppose 5 = 5*x - 20. Suppose -x*t = 3*g - 2*g + 8, -4*t = 4*g - 32. Suppose -o + 6 = 2*o + 3*w, 3*w + 18 = 5*o. What is the highest common factor of o and g?
3
Let u be (-12)/(-7) + 4/14. Let r be (u - 13/1)*-11. What is the highest common divisor of 11 and r?
11
Let z = -85 - -107. What is the greatest common divisor of 44 and z?
22
Suppose 0 = -11*q + 9*q + 26. What is the highest common divisor of 39 and q?
13
Suppose 57 + 18 = 5*r. What is the highest common factor of 165 and r?
15
Suppose p - 3*z + 2*z - 279 = 0, -3*p = 3*z - 813. What is the greatest common factor of p and 25?
25
Let l(w) = w + 18. Let t be l(-15). Suppose 4*m - q + 16 = 7*m, 12 = m - t*q. What is the highest common divisor of 12 and m?
6
Suppose -5*d + 3*d = -20. Wh